.
16
What is the greatest common divisor of 297 and 11?
11
Calculate the greatest common factor of 24 and 64.
8
What is the greatest common factor of 24 and 268?
4
Calculate the highest common factor of 616 and 847.
77
What is the highest common factor of 100198 and 238?
238
What is the greatest common divisor of 60 and 165?
15
Calculate the greatest common factor of 25 and 2000.
25
Calculate the greatest common divisor of 33 and 275.
11
What is the highest common divisor of 28743 and 286?
143
Calculate the greatest common divisor of 10653 and 53.
53
What is the highest common factor of 2016 and 84?
84
Calculate the highest common factor of 12 and 732.
12
What is the highest common factor of 49 and 7?
7
Calculate the greatest common divisor of 1462 and 170.
34
What is the greatest common divisor of 33 and 1419?
33
Calculate the highest common divisor of 7 and 161.
7
What is the highest common divisor of 3013 and 69?
23
Calculate the greatest common factor of 9 and 576.
9
What is the greatest common divisor of 38 and 4864?
38
What is the highest common factor of 6816 and 288?
96
Calculate the greatest common factor of 66 and 264.
66
Calculate the greatest common divisor of 544 and 2006.
34
Calculate the greatest common factor of 20 and 1165.
5
What is the greatest common divisor of 270 and 30?
30
What is the greatest common divisor of 26 and 4602?
26
Calculate the greatest common factor of 636 and 24.
12
Calculate the greatest common divisor of 1 and 2095.
1
Calculate the highest common factor of 56 and 5240.
8
What is the greatest common factor of 4268 and 264?
44
What is the greatest common factor of 40 and 870?
10
Calculate the greatest common divisor of 1 and 929.
1
Calculate the greatest common factor of 153 and 68.
17
Calculate the greatest common divisor of 445 and 267.
89
Calculate the greatest common divisor of 3922 and 318.
106
What is the greatest common divisor of 121 and 44?
11
Calculate the highest common factor of 1206 and 54.
18
Calculate the greatest common factor of 10 and 8.
2
What is the highest common factor of 1785 and 42?
21
Calculate the highest common factor of 171 and 57.
57
Calculate the highest common divisor of 760 and 285.
95
What is the greatest common divisor of 1087 and 1?
1
Calculate the greatest common factor of 25125 and 250.
125
What is the greatest common factor of 5566 and 759?
253
What is the greatest common factor of 54 and 54?
54
Calculate the highest common factor of 6328 and 196.
28
Calculate the greatest common divisor of 1075 and 25.
25
What is the greatest common factor of 99 and 207?
9
What is the highest common factor of 154 and 56?
14
Calculate the greatest common divisor of 89142 and 498.
498
What is the highest common factor of 700 and 42?
14
What is the greatest common factor of 14 and 301?
7
Calculate the highest common divisor of 42156 and 36.
36
Calculate the highest common factor of 8 and 1048.
8
What is the highest common factor of 507 and 624?
39
What is the greatest common factor of 12 and 180?
12
Calculate the greatest common factor of 280 and 440.
40
What is the greatest common divisor of 1325 and 75?
25
Calculate the highest common divisor of 869 and 79.
79
Calculate the greatest common factor of 7 and 21.
7
Calculate the highest common divisor of 110 and 198.
22
Calculate the highest common factor of 3296 and 32.
32
Calculate the greatest common factor of 2 and 122.
2
Calculate the greatest common factor of 31 and 217.
31
What is the highest common factor of 29 and 783?
29
What is the highest common factor of 20911 and 11?
11
Calculate the greatest common divisor of 27 and 25488.
27
Calculate the greatest common factor of 160 and 5536.
32
Calculate the highest common divisor of 252 and 180.
36
Calculate the highest common divisor of 26 and 91.
13
What is the highest common factor of 117 and 423?
9
Calculate the greatest common factor of 336 and 272.
16
What is the greatest common factor of 159 and 24?
3
Calculate the highest common divisor of 51 and 3961.
17
What is the greatest common factor of 76 and 6156?
76
Calculate the greatest common factor of 70 and 56.
14
Calculate the greatest common divisor of 29349 and 27.
27
What is the greatest common divisor of 140 and 15260?
140
What is the greatest common factor of 13 and 312?
13
What is the highest common divisor of 65 and 143?
13
What is the highest common divisor of 12 and 224?
4
What is the greatest common divisor of 130 and 455?
65
Calculate the highest common factor of 9 and 2727.
9
What is the highest common divisor of 231 and 33?
33
What is the greatest common divisor of 1661 and 755?
151
What is the greatest common divisor of 20 and 540?
20
Calculate the greatest common factor of 230 and 80.
10
Calculate the greatest common divisor of 133 and 361.
19
What is the highest common divisor of 550 and 88?
22
Calculate the highest common factor of 756 and 21.
21
Calculate the greatest common factor of 135 and 1701.
27
Calculate the greatest common factor of 12 and 9084.
12
Calculate the greatest common factor of 69 and 23.
23
What is the highest common factor of 133 and 77?
7
What is the greatest common divisor of 7 and 13657?
7
What is the greatest common divisor of 1207 and 17?
17
Calculate the highest common factor of 6613 and 34.
17
What is the highest common divisor of 1037 and 51?
17
Calculate the highest common factor of 114 and 532.
38
What is the highest common divisor of 8176 and 48?
16
Calculate the greatest common factor of 1705 and 310.
155
What is the highest common divisor of 104 and 117?
13
Calculate the greatest common divisor of 3983 and 7.
7
Calculate the highest common factor of 222 and 6.
6
Calculate the highest common divisor of 40 and 1280.
40
What is the highest common factor of 121 and 20207?
121
Calculate the highest common divisor of 9 and 3.
3
Calculate the greatest common divisor of 238 and 112.
14
What is the greatest common divisor of 80 and 10?
10
What is the highest common divisor of 9 and 3?
3
What is the highest common factor of 37 and 1073?
37
Calculate the highest common factor of 2427 and 9.
3
Calculate the greatest common divisor of 7 and 7.
7
Calculate the greatest common divisor of 42 and 2562.
42
Calculate the highest common factor of 5 and 530.
5
What is the highest common divisor of 192898 and 86?
86
Calculate the highest common divisor of 90 and 2.
2
Calculate the greatest common factor of 40 and 110.
10
What is the greatest common divisor of 132 and 4818?
66
What is the greatest common factor of 455 and 42?
7
Calculate the greatest common divisor of 15604 and 1128.
188
What is the highest common factor of 18 and 18558?
18
What is the highest common factor of 648 and 48?
24
What is the greatest common factor of 104 and 48152?
104
What is the greatest common factor of 725 and 29?
29
What is the greatest common divisor of 35 and 5?
5
What is the greatest common factor of 377 and 145?
29
What is the greatest common divisor of 187 and 17?
17
Calculate the greatest common factor of 7 and 91.
7
Calculate the highest common factor of 70800 and 59.
59
Calculate the highest common divisor of 3490 and 3839.
349
What is the highest common divisor of 40 and 720?
40
What is the greatest common factor of 10 and 270?
10
What is the greatest common divisor of 217 and 124?
31
What is the greatest common factor of 799 and 204?
17
Calculate the highest common factor of 43 and 1.
1
Calculate the highest common factor of 497 and 119.
7
Calculate the highest common factor of 21 and 2751.
21
Calculate the highest common factor of 34 and 51.
17
What is the greatest common divisor of 221 and 187?
17
What is the greatest common divisor of 15425 and 25?
25
Calculate the greatest common factor of 90 and 160.
10
Calculate the greatest common factor of 73 and 8.
1
What is the greatest common factor of 175 and 490?
35
What is the greatest common divisor of 20 and 928?
4
What is the greatest common divisor of 30 and 620?
10
Calculate the highest common divisor of 78 and 338.
26
Calculate the greatest common divisor of 26 and 68029.
13
What is the highest common divisor of 42 and 182?
14
Calculate the highest common divisor of 60 and 1860.
60
Calculate the greatest common divisor of 10 and 370.
10
What is the gre